. Let r be 2 - n - (12 + -26). Calculate the greatest common divisor of r and 280.
8
Let w(d) = d**2 - 3*d - 2. Let b be w(-3). Let l(s) = 22*s + 2 - 11 - 7 + 0. Let o be l(b). Calculate the greatest common factor of 42 and o.
42
Suppose -2*p - k - 2465 = -6*p, 1844 = 3*p + 4*k. Calculate the greatest common divisor of 4 and p.
4
Let l(t) = 72*t + 324. Let c be l(-7). Let i be ((-19296)/c)/((-2)/(-10)). What is the greatest common divisor of i and 67?
67
Suppose 44*z - 46*z - 7088 = 0. Let t be 3/2 - (z/16 - -1). What is the greatest common factor of 6 and t?
6
Suppose -327 = -5*k - 302. Suppose -k*y = 3*j - 218, -2*y + 132 + 74 = 3*j. Let n(z) = -34*z - 1. Let x be n(-1). What is the highest common divisor of x and j?
33
Let s(j) = -17*j + 243. Let t(m) = -34*m + 488. Let y(q) = -7*s(q) + 4*t(q). Let n be y(10). What is the greatest common factor of n and 216?
27
Let x be (-18 - 9)*-2*3*(-28)/(-18). What is the greatest common factor of x and 10836?
252
Let k be (-25)/20 - (-53584)/64. Calculate the greatest common divisor of 494 and k.
38
Let t(f) = 31*f + 482. Let d be t(-15). What is the highest common factor of 13753 and d?
17
Suppose -148 = -5*p + 92. Let h = 2604 - 2598. What is the greatest common factor of h and p?
6
Suppose 116 - 110 = 2*h. Suppose -3*b = 102 - 21. Let d be (-33)/b + (-2)/9. What is the highest common factor of d and h?
1
Let l be ((-6)/(-1) + 215)/2 - 2/4. Calculate the highest common divisor of l and 400.
10
Let d be 10*((-342)/45 - -8). Suppose s - 4 = i + 3, 0 = -2*s - d*i + 44. What is the highest common divisor of s and 1212?
12
Suppose -2*a + 44 = -46. Let d be (5/(-8))/(7/(-56)). What is the highest common factor of d and a?
5
Suppose c = -h + 1258, -2*c + 78*h = 85*h - 2536. Calculate the highest common divisor of c and 132.
66
Suppose -20*o + 14 = -19*o. Suppose -5*n - 23 = -2*g, 0 = -0*g + 2*g + 4*n - o. Calculate the highest common divisor of 144 and g.
9
Let r(a) = -a**3 + 7*a**2 - 3*a - 9. Let t be r(6). Suppose 100 = x + t. Let v = 2 + 5. Calculate the highest common divisor of v and x.
7
Suppose 17559 + 20290 = 42*k + 8323. What is the highest common factor of 296 and k?
37
Let h be 197262/90 + 2/3 + (-49)/105. Calculate the highest common factor of 137 and h.
137
Suppose -5*y = -i - 4*i + 525, 2*y = 4*i - 216. Let k be (-6*2/(-9))/(1/y). Let n = -121 - k. Calculate the greatest common factor of n and 20.
5
Let d be (-6 + -10)/(-4) + 0. Suppose d*i + 34 = 7*i + 5*f, -26 = -2*i - 5*f. What is the highest common factor of i and 272?
8
Let p be -2 - 2*-1 - (-34)/17. Suppose -i + p*b = -339 + 93, 0 = 3*i - 5*b - 743. Calculate the greatest common divisor of i and 32.
32
Let v be 6/27 - 2805/(-135). Let u be (v/(-15) + (-4)/(-4))*-400. Calculate the greatest common divisor of 60 and u.
20
Let m(t) = 20*t**2 - 18*t - 17. Let u = 687 - 689. Let z be m(u). Calculate the greatest common divisor of 561 and z.
33
Let u = -9797 - -17770. Calculate the greatest common divisor of u and 119.
119
Let q(f) = -777*f. Let z be q(-2). Let j be 90/150 + z/10. What is the highest common factor of j and 12?
12
Suppose -369*t - 772 = -365*t. Let f = 206 + t. Calculate the highest common factor of f and 13.
13
Let q(x) = -486*x - 18432. Let j be q(-38). Let p = -8 - -17. Calculate the highest common factor of p and j.
9
Let v = -2652 + 1149. Let m = -866 - v. Calculate the highest common factor of 49 and m.
49
Suppose -2*d + 3*w = 15, 5 + 3 = -2*d - 4*w. Let i be 2/3 - 86/d. Let g be 10 + 212/6 + (-2)/6. What is the highest common divisor of i and g?
15
Suppose 12*p - 5*a - 8655 = 10*p, 2*p - 2*a - 8646 = 0. Calculate the greatest common factor of p and 360.
360
Suppose -49*y + 15*y = 408. Let o be (1 + y/(-8))*882/35. What is the greatest common factor of o and 14?
7
Let s be (-2)/5 - 76167/(-105). Calculate the highest common factor of 1160 and s.
145
Suppose 5*n + 67 = 7. Let t be (n + 65/(-5))/(1 - 2). What is the greatest common divisor of 50 and t?
25
Suppose 4*h = -16, 825*j - h + 536 = 829*j. What is the greatest common factor of 35 and j?
5
Let u be (-2 + (-19)/2)*(15 + -29). Let d = -63 + u. What is the highest common factor of d and 49?
49
Let n = 5008 + -4865. What is the highest common divisor of 209 and n?
11
Suppose -19*h = -292 + 153 - 887. What is the highest common factor of h and 4374?
54
Suppose 162*w - 1009174 - 6842 = -82*w. Calculate the highest common divisor of 24 and w.
12
Suppose 6146*l + 25572 = 6148*l - 1820. What is the highest common divisor of 321 and l?
107
Let j(z) = z**3 + 5*z**2 - 6*z + 1. Let w be j(6). Suppose 0 = -8*n + b + 766, 4*n = n + 5*b + 315. Calculate the highest common divisor of n and w.
19
Suppose 4*a - 5*a = 4*u - 24, 4*a = 16. Let s = 75 + -50. What is the greatest common divisor of s and u?
5
Let l(t) = t**3 + 31*t**2 + 114*t + 21. Let a be l(-26). What is the greatest common factor of a and 190?
19
Let x be -5 - (290/(-8) - (-190)/152). Suppose 0 = 28*p - x*p + 2394. Calculate the highest common divisor of 63 and p.
63
Suppose 5*z - 8*z = -3*f - 147, -3*f = -12. Suppose t - 39 = -b + z, 0 = 3*t - 5*b - 308. Calculate the highest common divisor of 6 and t.
6
Suppose -11*m - 492 = -7*m. Let y = 212 + m. Calculate the highest common divisor of y and 890.
89
Suppose 127*a + 109*a = 210*a + 3588. Calculate the greatest common factor of 22494 and a.
138
Let s = -900 + 902. Suppose -g + 8 + 9 = 0. What is the greatest common divisor of s and g?
1
Suppose -220*w + 191*w = -87. Calculate the greatest common factor of w and 51.
3
Suppose 12*f + 636 = -0*f. Let a = -47 - f. What is the highest common divisor of a and 45?
3
Let y(k) = -6*k**3 + 6*k**2 - 82*k - 17. Let m be y(-8). What is the greatest common divisor of m and 104?
13
Let p(y) = 2*y**2 + 11*y + 16. Let r be p(-4). Suppose w = -r*l - 2*w + 2282, 2*l - 1152 = 4*w. Calculate the greatest common factor of 52 and l.
52
Let i be 5/(-2)*(-17)/((-765)/(-36)). Suppose -2*s + 57 = -h, 5*h + 15 = i*h. Suppose -2*p = p - 234. What is the greatest common factor of s and p?
26
Let s(f) = -3*f + 46 - 3*f + 39 - 31 + 7*f. Let p be s(-42). Suppose 0*o + 2*o = x - 30, -2*o - 6 = 0. Calculate the highest common divisor of p and x.
12
Suppose 1468*l + 1008 = 1476*l. Calculate the greatest common divisor of l and 2142.
126
Let i(f) = 5*f - 65. Let x be i(15). Let k be -15*8/(-20)*x/1. What is the highest common factor of k and 220?
20
Suppose 148*o + 86*o - 6559434 = -60*o. What is the greatest common divisor of o and 333?
333
Suppose 0 = -2*p - 4*l - 8, -2*l + 3 = -3*p + 15. Suppose 0 = -p*n + 229 - 1. Calculate the highest common factor of 76 and n.
38
Let z(o) = -99*o + 11. Let m be 4/((-8)/(-10)) - 6. Let r be z(m). Calculate the greatest common divisor of r and 22.
22
Suppose 0 = -5*r - 25, -8*c - 13*r + 18*r = -3433. Calculate the greatest common divisor of 6 and c.
6
Let t be (-6)/14 + (-1)/(98/(-239554)). What is the highest common factor of t and 52?
52
Let n(f) = f**3 - 9*f**2 - 18*f + 22. Let k be 135/12 - 14/56. Let u be n(k). Let i be 22/3*(-27)/(-6). Calculate the greatest common factor of i and u.
33
Suppose v - 29 = -z, -3*v = -4*z - 5*v + 112. Suppose -2*u = -11*u + z. Suppose 68 - 14 = u*k. Calculate the greatest common divisor of k and 18.
18
Let l = 4153 - 3833. What is the greatest common divisor of l and 200?
40
Suppose 2*o = 5*o - 3. Let j(b) = b + 9. Let k(x) = 6*x + 47. Let z(t) = -11*j(t) + 2*k(t). Let p be z(12). What is the highest common divisor of p and o?
1
Suppose -403 = 8*f - 4083. What is the greatest common divisor of 20 and f?
20
Let b = -3 - -26. Suppose -b - 1 = -s. What is the greatest common factor of s and 64?
8
Suppose -142*y + 602 = -140*y. Suppose 3*s = 15, -3*b - 3*s + y = -4*s. Calculate the highest common factor of 6 and b.
6
Let d = -543 + 564. Suppose -2*w = 2*w + 2*s - 38, -3*s + d = 3*w. What is the greatest common factor of w and 192?
12
Let b be 14*(-888)/(-84) + -2 + 6. Calculate the greatest common factor of b and 798.
38
Let i = -13 + 1432. What is the highest common factor of i and 165?
33
Let y be 14301 + (-3 - 2 - 5). What is the highest common factor of 31 and y?
31
Suppose c = 4*x + 93, -5*x + 85 - 721 = -8*c. Suppose -2*f + 39 = -5. Calculate the greatest common factor of c a